 11, what is 4a962 - -11?
4a973
In base 5, what is -2103022 + -12?
-2103034
In base 5, what is 30123 - -1031?
31204
In base 13, what is -3325 + 7?
-331b
In base 8, what is -13 - -4507?
4474
In base 11, what is a3aa + -37?
a373
In base 14, what is -d83a - 10?
-d84a
In base 3, what is -221000111 + 11?
-221000100
In base 3, what is -11 + -120002002001?
-120002002012
In base 3, what is 11022212011 - 0?
11022212011
In base 8, what is -3 - -1353540?
1353535
In base 6, what is -235552 - -1?
-235551
In base 16, what is -5 - -358?
353
In base 16, what is 477 + 224?
69b
In base 6, what is 125532 + -121?
125411
In base 14, what is -1431 - -4?
-142b
In base 7, what is -210162 - 2?
-210164
In base 4, what is 23123322 - -23?
23130011
In base 10, what is -52279 - -2?
-52277
In base 2, what is -111101101111 + -1000?
-111101110111
In base 14, what is 95 + 41?
d6
In base 8, what is -5 + -12643?
-12650
In base 12, what is 8 + 1102b?
11037
In base 5, what is 33044304 - -1?
33044310
In base 6, what is -511530 + 1?
-511525
In base 11, what is 6 - 13a27?
-13a21
In base 7, what is 2020 + 312?
2332
In base 8, what is -3 - -36113?
36110
In base 15, what is dcdd - -6?
dce4
In base 9, what is 2123 + 645?
2768
In base 11, what is -158 - 49?
-1a6
In base 10, what is -56 - -340?
284
In base 8, what is -30 - 50042?
-50072
In base 6, what is 1113 + -3313?
-2200
In base 9, what is -7071 - -6?
-7064
In base 7, what is 43444 + 4?
43451
In base 11, what is 84 + -1a5?
-121
In base 3, what is 10 + -1101122010011?
-1101122010001
In base 8, what is -277 + -2650?
-3147
In base 2, what is -10001111100 + -11111000000?
-110000111100
In base 4, what is -10 - -1122133?
1122123
In base 3, what is 212212 - 1102002?
-112020
In base 2, what is 10011010000 + -1001111?
10010000001
In base 11, what is 526475 + 1?
526476
In base 4, what is -2020301 - 1133?
-2022100
In base 13, what is -aa8 + 124?
-984
In base 3, what is 12 - 11111112210?
-11111112121
In base 10, what is 47 - 252?
-205
In base 11, what is 25803 + -6?
257a8
In base 3, what is -100 + -101021012?
-101021112
In base 6, what is 22454521 - -5?
22454530
In base 4, what is -3311 + -310?
-10221
In base 6, what is -20120244 - -3?
-20120241
In base 7, what is -342613 + -2?
-342615
In base 11, what is -447a - -134?
-4346
In base 4, what is 10120 - 122220?
-112100
In base 3, what is -10 + -2112111202120?
-2112111202200
In base 10, what is 5488834 + -1?
5488833
In base 11, what is 45a + -96?
374
In base 14, what is -24b - -98?
-193
In base 5, what is 1323 - -312413?
314241
In base 4, what is -3 + -110102123?
-110102132
In base 11, what is -31a + 7310?
6aa1
In base 5, what is -330112 - 10?
-330122
In base 12, what is -2159 + 1b0?
-1b69
In base 3, what is -112 - -212121112?
212121000
In base 10, what is -67076 - -2?
-67074
In base 10, what is 3874 + 17?
3891
In base 3, what is 1010121102 + 11?
1010121120
In base 12, what is -7253 + 9?
-7246
In base 11, what is 69 + 32?
a0
In base 5, what is -2 + 120412?
120410
In base 15, what is 5ce82 + 3?
5ce85
In base 4, what is -23 - -1021310?
1021221
In base 8, what is 6656 - 21?
6635
In base 11, what is -1246 + 59?
-1198
In base 8, what is 2602 + -4024?
-1222
In base 6, what is 2433 - 1133?
1300
In base 4, what is 2 + -3220323201?
-3220323133
In base 13, what is -4 + 13cbb?
13cb7
In base 10, what is -90 - -15?
-75
In base 4, what is -1010002 + 0?
-1010002
In base 10, what is -13777 - 34?
-13811
In base 10, what is -310 + 1447?
1137
In base 10, what is 2280823 + 5?
2280828
In base 16, what is 3 - 115b?
-1158
In base 13, what is 65b - -2a?
688
In base 7, what is 3253 - -3?
3256
In base 8, what is -5 - -24407?
24402
In base 7, what is 5 - 1241103?
-1241065
In base 2, what is -10010110 + -101011?
-11000001
In base 11, what is 4846a - -a?
48479
In base 12, what is 626 + 6?
630
In base 16, what is -3 + -adfa2?
-adfa5
In base 12, what is 359 + 8b?
428
In base 9, what is -2 + -11258?
-11261
In base 9, what is 16604 - -1?
16605
In base 10, what is -83 - 38?
-121
In base 9, what is -484 - 117?
-612
In base 14, what is -36 - 1318?
-1350
In base 2, what is -101101101011 - -100000?
-101101001011
In base 3, what is 1101000 + -10222210?
-2121210
In base 8, what is -65 - 13074?
-13161
In base 13, what is -4897 + 22?
-4875
In base 16, what is 48c6e - 1?
48c6d
In base 13, what is 55c + 84?
613
In base 7, what is 1235632 - -4?
1235636
In base 7, what is -53 - 4105?
-4161
In base 2, what is -101 - 1001010000101101011?
-1001010000101110000
In base 4, what is 2 - -1213110222?
1213110230
In base 16, what is -28 - 37f?
-3a7
In base 9, what is 520541 + 4?
520545
In base 16, what is -a27 - -8?
-a1f
In base 8, what is 677 + 7?
706
In base 15, what is 1 - -5605d?
5605e
In base 15, what is -b - -3ac?
3a1
In base 12, what is -2768 - 11?
-2779
In base 6, what is -5 + -11113?
-11122
In base 16, what is -7b7ce - -5?
-7b7c9
In base 4, what is 12121 + -322210?
-310023
In base 14, what is -24 + 1d26?
1d02
In base 9, what is -48 - -7582?
7533
In base 11, what is 1 - 64a5?
-64a4
In base 14, what is -c47 - -24?
-c23
In base 15, what is 129d - 19?
1284
In base 7, what is 4 - 21106?
-21102
In base 8, what is 1323 + 5770?
7313
In base 2, what is -10001001101 - -11?
-10001001010
In base 7, what is -1052 + 240?
-512
In base 16, what is 2b5c6 - -1?
2b5c7
In base 6, what is -34053 - 24?
-34121
In base 2, what is 101 - 10101100001111001?
-10101100001110100
In base 4, what is 1 + -12013230?
-12013223
In base 4, what is -32121333 - -12?
-32121321
In base 3, what is 2 - -1110120111020?
1110120111022
In base 11, what is -353 - -355a?
3207
In base 16, what is b419 - 4?
b415
In base 15, what is -3846 - -2?
-3844
In base 15, what is -3 - -23a4?
23a1
In base 3, what is 22 + -2012?
-1220
In base 7, what is -350 - 2244?
-2624
In base 11, what is 35305 - -48?
35352
In base 14, what is -60 + d7b?
d1b
In base 4, what is 303102030 + 30?
303102120
In base 3, what is -12222 - -200111?
110112
In base 15, what is 3 + -26d25?
-26d22
In base 3, what is -2 + 21111100212?
21111100210
In base 4, what is 22 - -1002003?
1002031
In base 16, what is -4 - -5ceb?
5ce7
In base 14, what is 19b - -24?
1c1
In base 11, what is 315 - 88?
238
In base 5, what is 13 - -214243?
214311
In base 15, what is -5d4d - -46?
-5d07
In base 14, what is -12 - -371c?
370a
In base 9, what is -37 + -7832?
-7870
In base 13, what is -2 - -9269?
9267
In base 10, what is 1287 - 20?
1267
In base 6, what is -144403 - -253?
-144110
In base 5, what is -13 + -10403?
-10421
In base 10, what is -499 - 214?
-713
In base 7, what is -21602 + -115?
-22020
In base 10, what is 77591 + 14?
77605
In base 13, what is 8 - 242a2?
-24297
In base 15, what is 7a + 127?
1a2
In base 4, what is 1031 - -13?
1110
In base 4, what is -2200130 - -100?
-2200030
In base 5, what is 3 + -41301?
-41243
In base 13, what is 33 - 28?
8
In base 12, what is -60ba - -7?
-60b3
In base 8, what is -537105 + 10?
-537075
In base 15, what is -33 - -16d7?
16a4
In base 15, what is 649a + -1a?
6480
In base 13, what is -5 - 8771?
-8776
In base 7, what is 41055 + 1?
41056
In base 9, what is -373421 + -4?
-373425
In base 11, what is -5 + 536456?
536451
In base 6, what is 2442112 + -3?
2442105
In base 3, what is 1121202 - -101?
1122010
In base 3, what is -11 - 1122100122?
-1122100210
In base 5, what is -11440012 - -11?
-11440001
In base 16, what is 1 - 1614?
-1613
In base 10, what is 5 + -97662?
-97657
In base 8, what is -3204232 - 1?
-3204233
In base 4, what is 201033 - 132?
200301
In base 7, what is 26256156 - 2?
26256154
In base 6, what is -4 + -25253130?
-25253134
In base 15, what is -9a + 537c?
52d2
In base 9, what is -6470 - 57?
-6537
In base 3, what is -1111 + -220020012?
-220021200
In base 8, what is 2 + -2001112?
-2001110
In base 7, what is -5502 + -15?
-5520
In base 3, what is -21121220 - 222111?
-22121101
In base 13, what is 1c - 1054?
-1035
In base 4, what is 1 - 20131132?
-20131131
In base 7, what is -550 - 463?
-1343
In base 12, what is 4 - 1b00?
-1ab8
In base 11, what is 78 - 485?
-408
In base 10, what is -2 + -1336?
-1338
In base 9, what is -65 - 160?
-235
In base 12, what is 60 + -40?
20
In base 5, what is 10 - 22024404?
-22024344
In base 16, what is -3331b2 - -3?
-3331af
In base 15, what is 5 + -498?
-493
In base 12, what is 16 + 78b0?
790